base 11.
-5a85
What is 3535 (base 7) in base 6?
10004
-5430 (base 9) to base 11
-3003
Convert 2652 (base 8) to base 10.
1450
15aa (base 15) to base 9
6347
Convert -32 (base 6) to base 5.
-40
-835 (base 11) to base 14
-51c
What is -33000 (base 4) in base 14?
-4c8
What is -6084 (base 16) in base 11?
-17622
What is -11101111111100 (base 2) in base 8?
-35774
Convert 23056 (base 11) to base 5.
2031321
Convert -43402 (base 6) to base 14.
-2270
-1253 (base 10) to base 13
-755
What is 19b2 (base 13) in base 4?
330113
-33d (base 14) to base 11
-535
-5a6 (base 11) to base 8
-1321
What is -55616 (base 7) in base 16?
-36cb
Convert -5031 (base 7) to base 4.
-123021
What is -7c4 (base 14) in base 5?
-22134
Convert -311302 (base 4) to base 7.
-13015
What is 14b1 (base 12) in base 8?
4605
-1200011121 (base 3) to base 15
-9b54
323 (base 12) to base 8
713
15442 (base 6) to base 4
213302
What is -667 (base 8) in base 9?
-537
Convert 7539 (base 10) to base 16.
1d73
What is 44066 (base 8) in base 16?
4836
What is -1523 (base 6) in base 15?
-1c6
11001001111010 (base 2) to base 7
52450
2146 (base 7) to base 16
301
143232 (base 5) to base 12
3617
-680 (base 15) to base 5
-21340
Convert 3555 (base 6) to base 8.
1537
40585 (base 11) to base 14
17850
1991 (base 11) to base 12
1560
What is -82d (base 16) in base 12?
-1265
Convert -110200 (base 4) to base 16.
-520
-1030 (base 5) to base 12
-b8
Convert a07 (base 14) to base 2.
11110101111
12694 (base 11) to base 8
43324
What is 255 (base 16) in base 9?
733
33504 (base 6) to base 16
1270
Convert -3022 (base 7) to base 13.
-625
What is -a2b (base 15) in base 12?
-13ab
What is 2362 (base 10) in base 15?
a77
1000201 (base 3) to base 2
1011101100
What is 4002 (base 8) in base 9?
2727
What is 333030 (base 4) in base 3?
12112210
What is -11374 (base 8) in base 6?
-34300
What is -83a8 (base 12) in base 2?
-11100000110000
What is 15230 (base 7) in base 16?
108b
82805 (base 9) to base 11
38026
-313 (base 6) to base 16
-75
Convert 2652 (base 7) to base 11.
845
What is 34520 (base 7) in base 10?
8834
-c45 (base 13) to base 6
-13353
What is 4524 (base 13) in base 15?
2ce3
What is -3600 (base 9) in base 13?
-12a8
-1015 (base 10) to base 13
-601
Convert b83 (base 13) to base 4.
132232
What is 1010000110 (base 2) in base 5?
10041
55bf (base 16) to base 3
1010010000
Convert -611 (base 11) to base 14.
-3aa
-114 (base 8) to base 10
-76
Convert 5543 (base 6) to base 12.
8b3
-3dcd (base 15) to base 12
-77b7
What is 403 (base 9) in base 2?
101000111
What is 752 (base 11) in base 2?
1110001000
What is -11057 (base 12) in base 5?
-1210111
What is 2316 (base 12) in base 5?
111111
Convert -620 (base 7) to base 9.
-372
What is 24b6 (base 13) in base 14?
1c8b
Convert 30660 (base 7) to base 14.
2a67
What is 3c6 (base 16) in base 11?
7a9
What is 4120 (base 5) in base 7?
1363
What is -40645 (base 7) in base 11?
-7509
What is 16794 (base 10) in base 3?
212001000
-2651 (base 8) to base 7
-4140
155 (base 10) to base 13
bc
Convert -177 (base 13) to base 14.
-151
-2044010 (base 5) to base 15
-a23a
What is -629 (base 11) in base 2?
-1011110101
9231 (base 10) to base 15
2b06
10753 (base 8) to base 4
1013223
What is -12113311 (base 4) in base 12?
-13131
Convert 15701 (base 11) to base 2.
101011010000000
Convert -17d3 (base 16) to base 10.
-6099
Convert -711 (base 8) to base 13.
-292
What is -13454 (base 7) in base 4?
-321101
What is 3532 (base 7) in base 6?
10001
-222 (base 9) to base 8
-266
What is a6 (base 11) in base 4?
1310
What is -68a0 (base 12) in base 4?
-2311320
What is 2300 (base 7) in base 14?
437
347b (base 12) to base 6
43035
Convert 10010110 (base 2) to base 10.
150
-1020 (base 4) to base 10
-72
-167 (base 15) to base 6
-1254
Convert -11097 (base 16) to base 15.
-15a23
Convert -123322 (base 4) to base 14.
-918
63246 (base 7) to base 11
10772
Convert 54490 (base 11) to base 4.
103110020
Convert -231b5 (base 12) to base 16.
-b759
101000010111 (base 2) to base 6
15543
What is 204422 (base 5) in base 11?
5179
112001 (base 3) to base 15
1a4
What is 26202 (base 10) in base 9?
38843
Convert 40662 (base 7) to base 12.
5906
What is -31333 (base 5) in base 15?
-948
What is -2104420 (base 5) in base 6?
-425545
Convert -5c (base 15) to base 2.
-1010111
Convert 120212 (base 4) to base 8.
3046
Convert 1120210 (base 4) to base 6.
42124
What is 6421 (base 12) in base 5?
322334
What is -508 (base 10) in base 11?
-422
-1356 (base 11) to base 7
-5055
What is 279 (base 10) in base 15?
139
What is ca9a (base 15) in base 8?
123617
Convert 31310202 (base 4) to base 5.
3302420
Convert 20846 (base 10) to base 11.
14731
What is 1dc (base 16) in base 13?
2a8
What is -299 (base 12) in base 6?
-1513
Convert 6566 (base 8) to base 11.
2653
What is 411420 (base 5) in base 8?
32060
-3538 (base 11) to base 5
-122024
Convert -205 (base 16) to base 3.
-201011
What is -121230 (base 4) in base 14?
-856
58a8 (base 11) to base 3
101121201
Convert -23333 (base 9) to base 7.
-63300
37d (base 15) to base 4
30121
Convert -3174 (base 8) to base 3.
-2021111
What is 80337 (base 9) in base 5?
3142030
Convert 241 (base 7) to base 2.
1111111
221102102 (base 3) to base 11
12a19
What is 430 (base 16) in base 14?
568
-10011111100001110 (base 2) to base 6
-1430050
Convert -2130121 (base 4) to base 15.
-2e74
Convert -473a (base 11) to base 13.
-2aa0
Convert 10033 (base 4) to base 8.
417
What is 50177 (base 10) in base 3?
2112211102
37b9 (base 14) to base 3
111101202
56210 (base 9) to base 11
26075
Convert -4839 (base 10) to base 6.
-34223
-15036 (base 12) to base 7
-151524
1228 (base 10) to base 6
5404
What is 2023 (base 7) in base 5?
10303
What is -13314 (base 5) in base 13?
-655
Convert -101000000 (base 2) to base 10.
-320
Convert -1553 (base 11) to base 9.
-2655
What is c37 (base 15) in base 2?
101011000000
Convert -1286 (base 14) to base 13.
-1634
What is -302132 (base 4) in base 9?
-4378
What is -7a1 (base 14) in base 12?
-a61
What is -1eb (base 16) in base 2?
-111101011
What is -2080 (base 11) in base 4?
-222332
498b (base 16) to base 6
223055
Convert -311 (base 11) to base 8.
-567
Convert -2150 (base 8) to base 13.
-68a
Convert 110100000 (base 2) to base 16.
1a0
What is -5414 (base 6) in base 14?
-642
51643 (base 7) to base 16
3181
Convert 4040 (base 6) to base 3.
1012220
What is 1b25 (base 13) in base 3?
12121101
Convert -73d (base 16) to base 6.
-12325
What is -2312 (base 8) in base 3?
-1200102
What is -1826 (base 10) in base 12?
-1082
What is b409 (base 14) in base 4?
13210001
230 (base 5) to base 7
122
Convert 18775 (base 12) to base 8.
105511
Convert 62731 (base 9) to base 4.
22013023
Convert 2166 (base 7) to base 15.
373
What is 242 (base 11) in base 9?
350
What is 30501 (base 7) in base 14?
2a01
Convert 122320 (base 8) to base 2.
1010010011010000
8b3 (base 14) to base 3
2100220
Convert 3b9 (base 13) to base 7.
1631
Convert -1200 (base 6) to base 4.
-10200
What is 3564 (base 8) in base 6?
12500
What is -24346 (base 7) in base 15?
-1d3a
67a (base 16) to base 7
4556
2146 (base 9) to base 15
706
Convert -1300 (base 6) to base 12.
-230
Convert -426 (base 10) to base 14.
-226
Convert 3548 (base 9) to base 10.
2636
What is -21202222 (base 4) in base 3?
-1222121111
What is -2b46 (base 12) in base 10?
-5094
What is 14783 (base 10) in base 3?
202021112
-3159 (base 12) to base 9
-7356
Convert 659 (base 16) to base 9.
2205
1335414 (base 6) to base 2
10010010101100010
Convert -111422 (base 5) to base 15.
-12ac
Convert -489 (base 11) to base 10.
-581
2003002 (base 4) to base 10
8386
2250 (base 7) to base 2
1100110011
-172 (base 15) to base 8
-514
41072 (base 9) to base 16
699e
Convert -10001111101000 (base 2) to base 5.
-243232
a55 (base 15) to base 12
1422
Convert -5964 (base 12) to base 15.
-2e77
10000111011 (base 2) to base 3
1111010
What is -31203 (base 4) in base 12?
-603
26451 (base 7) to base 6
52500
Convert -1993 (base 11) to base 3.
-10110102
-27e (base 16) to base 5
-10023
What is -100010000 (base 2) in base 9?
-332
1272 (base 9) to base 3
1022102
-122202 (base 3) to base 12
-33b
5036 (base 8) to base 5
40330
Convert 49356 (base 10) to base 12.
24690
-7665 (base 8) to base 14
-1673
Convert 1378 (base 12) to base 7.
6365
What is 20221 (base 8) in base 6?
102333
Convert 221121112 (base 3)